 s(u) = u - 3. Determine s(n).
-3
Let u be (-3 - (-72)/4)/(-1). Let l be 1 + 2*u/6. Let p(f) = 2*f**2 + 7*f + 5. Give p(l).
9
Suppose 0 = -5*s - 0*s. Let f(j) = s + 0 + 1 - j + 4*j**2. Suppose -v - 3*k = -3*v + 5, 0 = -3*k - 3. What is f(v)?
4
Suppose -g - 4*l - 17 = -2*g, 3*l = -2*g + 1. Let w(j) = -5*j - j**2 - j + 2*j**2 - 1. Determine w(g).
-6
Suppose -9 = -d - 12. Let y(a) = -a**3 - 3*a**2 + 3. Give y(d).
3
Let b be ((-2)/6)/((-7)/84). Suppose -b - 2 = -3*g. Let n(o) = -o**2 + 5*o - 3. What is n(g)?
3
Let c(a) = 2*a**2 + 5*a + 3. Let r(l) be the third derivative of 0*l + 2*l**2 + 0 + 1/2*l**3 + 1/24*l**4. Let y be r(-6). Calculate c(y).
6
Suppose -30 = -4*k - 3*j, 0 = 4*k - 2*j - 3*j - 14. Let m(s) = -3*s + 7. Determine m(k).
-11
Let q(t) = -t**3 - 4*t**2 - 2*t + 2. Suppose -3*p - 2*c - 16 = 0, -4*p = -5*c - 21 + 4. Calculate q(p).
-2
Let b(t) = -3*t - 1. Let h(p) = -12*p - 6. Let q(d) = 5*b(d) - h(d). Let l(v) = -v**3 + 6*v**2 - 4*v - 2. Let z be l(5). Suppose -4*y - z = 1. Determine q(y).
4
Let x(f) = -f + 2. Suppose 5*i - 18 = 2, -4*p - i + 24 = 0. Suppose n + 12 = p*n. What is x(n)?
-1
Let z(s) be the second derivative of -s**4/12 - 5*s**3/6 - s**2 + 2*s. Let q be z(-3). Let x be q/6 - 20/(-6). Let o(k) = -k - 2. Calculate o(x).
-6
Let q(w) = 33*w + 5980 - 7*w - 5979. Calculate q(1).
27
Suppose v + 4*s = 4*v - 10, -2*v + 8 = -4*s. Let q = v + 1. Let z(y) = y**2 - 5*y + 4. Calculate z(q).
-2
Let c(g) = -g**3 - 6*g**2 - g - 3. Let l(r) = r. Let f(b) = c(b) - 6*l(b). Calculate f(-5).
7
Let w(t) = -t**2 - 6*t - 1. Let u be w(-6). Let p = -14 - -10. Let a = u + p. Let b(i) = i**3 + 6*i**2 + 4*i. Give b(a).
5
Let m(r) be the third derivative of -r**8/6720 + r**7/630 - r**6/360 + r**5/120 - 7*r**4/24 + 8*r**2. Let i(n) be the second derivative of m(n). Calculate i(4).
-7
Let f(w) = 3*w**3 + 17*w**2 - 10*w + 8. Let p(y) = 5*y**3 + 26*y**2 - 15*y + 12. Let a(d) = 8*f(d) - 5*p(d). Determine a(5).
4
Let u(b) = 3*b - 1. Suppose -p = -2*c + 5*c + 2, -2*p + 5 = -3*c. Determine u(p).
2
Let f(k) = -3*k**2 - 2*k + 5 - 2 - 1. Suppose t - 16 - 5 = -5*u, 0 = u - 3*t - 17. Suppose -8 = -r + u*r. What is f(r)?
-6
Let m(j) = j**2 + 8*j - 15. Let w be m(-10). Let y(b) = 2*b - 6. What is y(w)?
4
Let m(a) = a**2 + 5*a. Suppose -19*h = -25*h - 18. Calculate m(h).
-6
Let i = -11 - -16. Let x(k) = 3*k + 4 - 2 - 5*k. Determine x(i).
-8
Let b(a) = a. Let o(s) = -9*s - 2. Let q(x) = -6*b(x) - o(x). Let i(r) be the third derivative of -r**4/24 - r**2. Let t(c) = -6*i(c) - 3*q(c). Give t(-4).
6
Let p(m) = -m - 1. Let c = -7 - -3. Suppose 5*o + 0*r + 16 = 3*r, -3*o - 10 = -2*r. Let g be c/(o/(4 + -2)). Give p(g).
-5
Let g(l) be the second derivative of 7*l**4/12 + l**3/2 + 7*l**2/2 + 2*l. Let i(j) = 3*j**2 + 2*j + 3. Let n(x) = -2*g(x) + 5*i(x). Determine n(-3).
-2
Suppose 0*q - q = -3. Let x(c) = -3*c**2 - 2*c + 3. Let n(p) = 2*p**2 + 3*p - p**2 - 3 - 2 + 4*p**2. Let u(w) = 5*n(w) + 8*x(w). Calculate u(q).
5
Let x(p) = -p**2 - 4*p - 2. Suppose 0 = 2*s - 3*s + 5. Suppose 2*r + 5*z + 14 = 39, z = -s*r + 28. Suppose 0 = -w + 2 - r. Give x(w).
1
Suppose -m = m. Let o(t) = -1 + m*t + 3 + t. Let a be (-3)/(-6)*-16 + 5. Give o(a).
-1
Let w(m) = -2*m - 7. Suppose k = 3*c - 11, -5*k + 0*c = 3*c + 19. Calculate w(k).
3
Let h(x) = 6*x**2 - x. Let t be h(1). Let l(p) = 2*p**3 + 1 - 4 - p**3 - 6*p**2 + t*p. Give l(5).
-3
Let y(i) be the third derivative of 3*i**5/20 - 7*i**4/24 + 7*i**3/6 + 3*i**2. Let p(n) = -5*n**2 + 4*n - 4. Let l(z) = -5*p(z) - 3*y(z). Determine l(1).
-2
Let o(z) = -z**3 + 4*z**2 + 3. Suppose 3*x - 3*v + 24 = 0, -3*x = -5*v + 2 + 16. Let r = -7 - x. Give o(r).
3
Suppose 2*u + 5*h = -4 + 25, 4*h = -2*u + 20. Let k(n) = -n**3 + 7*n**2 + 8*n + 8. Determine k(u).
8
Let d be -4 + (2 - 4) - (2 - 4). Let z(r) = -r - 5. What is z(d)?
-1
Let v(r) = -r**2 - 4*r - 5. Suppose -4*c + 4*w - 20 = 0, w = 5*w. Calculate v(c).
-10
Let p(b) = -b**3 - 6 - 4*b**2 - 21*b + 6*b + 12*b. Let j(x) = -16*x**3 - x**2 - x - 1. Let a be j(-1). Let v = 11 - a. Determine p(v).
6
Let m(b) = -5*b - 8. Let y(w) = 6*w + 9. Suppose -8 = -2*f - 16. Let d(z) = f*m(z) - 3*y(z). What is d(-5)?
-5
Suppose 3*v = -v. Let j(l) = -l**3 - 1. What is j(v)?
-1
Let o(q) be the first derivative of -5 - 8*q - 1/3*q**3 - 1/4*q**4 + 0*q**2. Give o(0).
-8
Let g(b) = -b**3 + 3*b**2 + 13*b - 10. Let w be g(5). Let a(r) = r**3 - 5*r**2 + r - 2. Calculate a(w).
3
Let a(j) = 5*j - 2. Let d be (-24)/(-36)*3/((-1)/(-1)). Give a(d).
8
Let o(h) = -5*h**2 - 4*h - 1 - 3*h + 5*h**2 - h**2. Let n = -6 - -1. Give o(n).
9
Suppose 16 = v + 3*v. Suppose 0*u = -v*d + 4*u + 4, u = 2. Let y(p) = -12*p - 19*p + 30*p. Give y(d).
-3
Let q(s) be the third derivative of 0 + 4*s**2 - 2/3*s**3 - 1/8*s**4 + 0*s. Calculate q(-3).
5
Let m(q) = 5*q**2 - 9*q + 14. Let a(z) = 3*z**2 - 6*z + 9. Let f(i) = 8*a(i) - 5*m(i). Determine f(-3).
2
Let g(u) be the first derivative of u**4/4 + 7*u**3/3 - 4*u**2 + 5*u - 9. Give g(-8).
5
Suppose 16 = -2*p + 3*c + 2*c, 0 = 2*p - c. Suppose 2*o + 20 = -2*o - 2*u, 3*o + 1 = p*u. Let f(j) = -j + 4. Determine f(o).
7
Let c(l) = -l**3 + l - 4. Let u(s) = -s**2 - 1. Let k(t) = -c(t) + 2*u(t). Let d be (-2 + 1)/(3/(-12)). Suppose 0 = -z + d*z - 6. Calculate k(z).
0
Let b(w) be the first derivative of 5 - 1/2*w**2 + w. Determine b(1).
0
Let w(g) be the second derivative of -g**4/6 + 2*g**3/3 + 3*g**2/2 - 19*g. What is w(4)?
-13
Suppose -3*r + 45 = 36. Let w(i) = i**2 - 4*i + 4. Determine w(r).
1
Let m(i) be the third derivative of i**4/8 + i**3 - i**2. Let b be m(-4). Let u(w) = w + 2. Determine u(b).
-4
Let p = -105 + 107. Let h(y) = 4*y**2. Determine h(p).
16
Let x(s) = -3*s**3 - s**2 + 2*s + 3. Let v = -177 - -175. What is x(v)?
19
Suppose 0 = -3*a + 2*v + 19, -1 + 11 = -2*v. Let q(o) be the third derivative of -1/24*o**4 - 2*o**2 - 1/6*o**a + 0*o + 0. Determine q(-2).
1
Let i = 35 + -39. Let o(x) = -2*x**2 - 5*x + 4. Determine o(i).
-8
Let z be -1 - (1 + -1)/(-2). Let u(f) = f**3 + 2*f**2 + 4*f + 3. Let o(k) = -2*k**3 - 2*k**2 - 5*k - 4. Let b(n) = 2*o(n) + 3*u(n). Calculate b(z).
2
Let n(d) = d**3 - 5*d**2 + d - 7. Let i(c) = 6 + 8*c**2 - 4*c - 3 + 0. Let x be i(2). Suppose -x + 12 = -3*k. Determine n(k).
-2
Let k(i) = -i**2 - 5*i + 9. Let q(l) = 30*l**3 + l. Let b be q(1). Suppose -2*g = 2*p - 5*p - b, 29 = -2*p + 3*g. Determine k(p).
-5
Let u be (1 - (-14)/(-8)) + 78/24. Let d(y) be the first derivative of -u*y**2 - 1 - y. What is d(-1)?
4
Let i be (-2 + 12)*1 + 3. Let p = i + -12. Let o(n) = -2*n**2 + n - 1. What is o(p)?
-2
Let g(o) be the second derivative of o**6/360 + o**5/60 - o**4/6 - o**3/2 - 6*o. Let a(x) be the second derivative of g(x). Calculate a(-3).
-1
Let x(c) be the third derivative of -c**5/60 - c**4/4 - 4*c**3/3 - 20*c**2. Calculate x(-8).
-24
Suppose j - 6 = -2*j. Let d(i) be the second derivative of i**5/20 - i**3/6 + i**2/2 - 141*i. Calculate d(j).
7
Let a(g) be the second derivative of -1/180*g**6 + 0 + 0*g**2 + 1/3*g**3 - 1/8*g**4 + 1/24*g**5 - 4*g. Let j(v) be the second derivative of a(v). Give j(3).
-6
Let d(h) be the first derivative of h**2 + 8*h - 1. Let s(k) = -5*k - 23. Let n(w) = 8*d(w) + 3*s(w). Determine n(4).
-1
Let a(h) = -h - 3. Let o(u) = -u - 4. Let k(y) = 3*a(y) - 2*o(y). Calculate k(0).
-1
Let y(h) = -2 + 1 - 2 + 1 + 7*h. Let b(d) = -d. Let i(r) = 6*b(r) + y(r). Let z = -7 - -5. What is i(z)?
-4
Let n be -4*((-7)/4)/1. Let k = n + -7. Let f(c) = -c**3 - c**2 + c + 5. What is f(k)?
5
Let h(s) be the first derivative of s**4/24 + 3*s**2/2 - 5. Let q(n) be the second derivative of h(n). Calculate q(0).
0
Let q(x) be the second derivative of 0*x**3 + x**2 + 1/12*x**4 + 0 - 4*x. Calculate q(-2).
6
Let q(y) = y**2 - 6*y - 11. Suppose -55 = -9*a + 17. Determine q(a).
5
Let t(l) = -3*l - l**2 - 3*l**3 - 5*l**3 + 0*l + 2*l. Suppose -4*d + 83 = -5. Suppose 0 = 2*a + c - 5*c + d, -5*a + 4*c - 25 = 0. Calculate t(a).
8
Let r(p) = p + 3. Let s(z) = 2*z + 3. Let q(t) = 6*r(t) - 4*s(t). Let o = 7 + -2. What is q(o)?
-4
Let w be 1 + 3 + (0 - -2). Let r be 1 - -1*(3 - -2). Suppose 5*y - p = w + 4, 4*p - r = -3*y. Let x(l) = 4*l + 1. Give x(y).
9
Let v(m) = -m**2 - m - 4. Let r(y) = -3*y**2 - 2*y - 8. Let d(z) = 3*r(z) - 7*v(z). Give d(3).
-11
Let y(d) = -d - 5. Let t(z) = 26*z**3 